5*y + 5*k - 35, 0*y - 5*y + 2*k - v = 0. Is 2/y - (12488/(-12) + 1) a composite number?
False
Is -51 + 45 + (96703 - 0) a composite number?
False
Let p(y) = 2*y**3 + 7*y**2 + 9. Let r be p(-4). Is (r - (-2 - 4))*16118/(-2) a composite number?
False
Suppose 13*u - 350088 - 4203564 = -603745. Is u a composite number?
False
Suppose 10 = 4*r - 6. Suppose r*m + 8945 = -5*q + 22890, 2789 = q - 3*m. Is q composite?
False
Let p(o) be the first derivative of 46*o**3/3 - 7*o**2/2 + 3*o + 13. Let y be p(-4). Suppose -2 + 0 = 2*b, 3*m - 5*b = y. Is m prime?
False
Suppose 25 = 6*s - 47. Suppose -5*m = r - 3, -2*r - 2*r + s = 4*m. Suppose 4*x = z - 93, 4*x - 41 - 318 = -r*z. Is z a composite number?
False
Let n = -58322 + 120055. Is n a prime number?
False
Suppose -7*u + 40586 = -5*u - 4*o, 2*o + 81142 = 4*u. Let t be (-1 + -1 + u)*1. Suppose 5*n - 2*y - t = 0, -7*n = -2*n + 2*y - 20269. Is n composite?
True
Is (-6)/9 - 273884/(-12) a prime number?
False
Suppose -2*a + r - 8 = -4*a, -2*r = 5*a - 22. Let d be (a/12)/(3 - 1282/428). Suppose d = g - 147. Is g prime?
False
Let q be (-921)/2456 + (74/(-16) - -1). Let h be (-108)/(-14) + (-2)/(-7). Is (-1)/((h/194)/q) a composite number?
False
Let f(l) = -12*l**3 + 4*l**2 + 3*l - 4. Let a be 10*(2 - 69/15 - -3). Let i be f(a). Is ((-17)/4)/(6/i) composite?
True
Let u(o) be the third derivative of -119*o**4/8 - o**3/3 + 25*o**2. Let y be u(-2). Let d = -381 + y. Is d prime?
True
Let z(y) = -18*y - 39. Let x be z(-10). Let j = 144 - x. Suppose -6*k + 1599 = -j*k. Is k composite?
True
Let j = -46521 + 77576. Is j prime?
False
Let h = -5 + 9. Let w(a) = -76*a - 1209. Let u be w(-16). Suppose -h*j = u*j - 979. Is j prime?
True
Suppose -c - c = -2*h, -5*h = 4*c. Suppose c = -132*i + 146*i - 240310. Is i a prime number?
False
Let y(v) = 58*v + 857. Let a be y(-15). Let n(i) = -16*i**2 - 1 - 9*i - 2*i**3 + 2 - 3*i. Is n(a) prime?
True
Let c be (-3 - (1 + -16))/(-2). Let r(s) = 101*s**2 + 12*s + 31. Is r(c) prime?
False
Is (5198272/16 - -35) + 5*2 composite?
True
Suppose 4*c - 1 = u, -c = -6*u + 4*u - 9. Let k be (4/c)/(-4)*-7. Let q(y) = 19*y**2 - 14*y - 20. Is q(k) prime?
True
Let d be (-1 + -8)*(-35 - 37). Suppose d = 2*m - 2954. Is m composite?
False
Let u = 105 - 105. Suppose 4*a = 8, u = g - a - a - 975. Is g prime?
False
Let y(q) = -45*q + 3. Let i be y(-1). Is (-11)/88 + 185718/i a composite number?
True
Let z = -1432 - -2409. Let m = z + -346. Is m a composite number?
False
Is 50 + -31 + (-4352274)/(-3) a composite number?
True
Suppose -2 = 2*c - p + 4, 4*c + 3*p = -32. Let g(f) = -25*f + 13 - 17*f - 14*f. Is g(c) composite?
False
Let g = 308990 - -54427. Is g composite?
True
Let x(l) = 2*l**3 - 6*l**2 + l + 6. Let u be x(4). Let i = -43 + u. Is (697/(-51))/(i/69) a prime number?
False
Suppose -s = -l - 3264, 4*l + 1955 = s - 1318. Suppose 4*t = a - s, a + 32*t = 29*t + 3289. Is a composite?
True
Let q(x) = -81*x + 4. Let i(u) = -1. Let k(p) = i(p) - q(p). Let y = 1477 + -1475. Is k(y) a prime number?
True
Let u = 16542 + -24244. Let m = 9637 - u. Is m a composite number?
True
Let b = -43 - -39. Let u(n) = -25*n**3 - 2*n**2 - 4*n - 5. Let k(g) = -51*g**3 - 4*g**2 - 7*g - 9. Let r(c) = b*k(c) + 7*u(c). Is r(4) a prime number?
True
Let b(i) = -i**3 + 11*i**2 - 18*i. Let k be b(9). Suppose 10*n - 9*n - 1731 = 0. Suppose 9*v + n - 4692 = k. Is v composite?
True
Let b = 60 + -57. Suppose -b*x + 2507 = -5*n, 2*x + 0*x - 2*n = 1674. Suppose -v = -2*v + x. Is v composite?
False
Suppose -36*p + 21*p + 839745 = 0. Is p a prime number?
False
Suppose -1463715 = -51*j - 295968. Is j prime?
False
Suppose 13*c = 2*a - 76177, 5*c - 87212 = -2*a - 11089. Is a a prime number?
True
Let o(x) = x**2 + 6*x. Let b be o(-6). Suppose 0 = -b*q - 4*q - 2*a - 2, 15 = 5*q - a. Suppose 901 = -q*f + 3*f. Is f a composite number?
True
Let j be 48/20 + (-3)/(-5). Let z(b) = 3*b**3 - 5*b**2 + 5 - 8*b**2 + j*b + 4*b**2. Is z(7) a prime number?
False
Let q(h) = h**3 - 26*h**2 + 24*h + 62. Let a be q(29). Suppose p - d - 16 - 3263 = 0, -p + a = -2*d. Is p a composite number?
True
Let b be (2437/1*-1)/1. Let m = 6119 + b. Let l = m + -2540. Is l a composite number?
True
Is 89776 - ((-14)/(-1) - 270/30) a composite number?
True
Let o be 4*(1 + -3) + 454. Suppose 440*d + 6108 = o*d. Is d a prime number?
False
Let m(i) = -i**3 + 2*i**2 - 3*i + 2. Let d be m(1). Let j be (d - (-44)/(-2))/((-3)/(-18)). Let v = -74 - j. Is v prime?
False
Let t be 5046/30 + (-7)/35. Let f = t + 419. Is f composite?
False
Let n be (-56)/30 - (-7)/((-210)/4). Let s(b) = -2*b. Let w be s(n). Suppose w*g = 3*j - 11361, -5*j = 2*g - 0*g - 18935. Is j prime?
False
Let x(i) = -i**2 - 26*i - 20. Suppose -f + 3*f + 30 = 0. Is x(f) composite?
True
Let s = 668329 + -269198. Is s prime?
True
Let l(b) = 0 - 5 + 161*b**2 - 93*b**2 + 5*b. Is l(8) a prime number?
False
Let t(b) = 2 + 16 + 64 - 76*b. Is t(-6) composite?
True
Suppose -16 + 24 = 4*x, -w - 304 = -2*x. Let f = w + 637. Is f a prime number?
True
Suppose 0 = -4*w - 3*f + 27727, 4*f + 27692 = -w + 5*w. Let u be 1*51*7/(168/w). Suppose -4*t + u = 558. Is t a composite number?
False
Is (3 - (-27)/(-5))*-11915 + 5 prime?
False
Suppose n = -403 + 2337. Suppose -6*y - 5*a + 2421 = -5*y, 4*y - 9634 = 5*a. Suppose -n - y = -5*z. Is z a composite number?
True
Let z(y) = -254*y**3 - 28*y**2 - 123*y - 46. Is z(-15) composite?
False
Suppose 4*m + 68827 = -x + 308678, -2*x = -3*m - 479647. Is x composite?
False
Suppose 4*u - 37411 = -3*g, -3*g + 50043 = 3*u + 12636. Let a = g - 6268. Is a prime?
True
Is ((-584392)/918)/((-10)/555) + (-2)/(-18) composite?
True
Suppose 938*w - 688830 = 923*w. Is w a prime number?
False
Let v(p) be the second derivative of 5*p**4/4 + 2*p**3 + p**2 + 25*p. Suppose 6*q + 7*q - 91 = 0. Is v(q) a prime number?
True
Suppose -1135 = -3*h - s, -3*s + 1505 = -3*h + 7*h. Let g(u) = 52*u - 49*u - 1 - 2*u**2 - h*u**3 + 1081*u**3. Is g(1) prime?
True
Let g(t) = -2*t**2 - 7*t. Let p be g(-3). Is (-469 - 0)/(p - 4) a composite number?
True
Let o = 50204 + 7263. Is o a composite number?
False
Let f(i) = -i**3 - 64*i**2 + 397*i - 207. Is f(-92) composite?
True
Suppose 6*n - 2*n = 276. Suppose -2*d - n = r, -3*d = 10 - 4. Is (1534/r)/((-8)/(-10) + -1) a composite number?
True
Suppose -16*a - 19950 = -22*a. Suppose 1214 = -n + a. Is n a prime number?
True
Let g(x) = x**3 + 19*x**2 + 20*x - 27. Is g(-14) a composite number?
False
Let q = 41925 + -20138. Is q prime?
True
Let g = -791 - -788. Let m(h) = -11423*h - 238. Is m(g) prime?
True
Let s(r) = r**2 - r - 8. Let a be s(19). Let k(t) = 34 - 13 + a*t - 5 - 13. Is k(1) a prime number?
True
Let p(f) = f**3 + 3*f**2 - 30*f - 14. Let x be p(-7). Suppose 0*k - 6*k + 5910 = x. Is k a prime number?
False
Suppose 725332 = 7*n + 126153. Is n a prime number?
True
Let v(s) = s + 1172. Let b be v(0). Let y = 1171 + -492. Let q = b - y. Is q a prime number?
False
Let y(b) = 5*b + 25. Let i be y(-7). Let t be 4/(i/(-4) - (-9)/(-18)). Suppose -2*h + 4297 = -t*s + 3*s, h - 2145 = -4*s. Is h prime?
False
Let i be (-8 + 1)*2/(-7) + 4683. Let g = i + -2928. Is g composite?
True
Suppose 2*m - 4 = 4. Suppose 0 = q + 2*t - 2055, m*t + t = -4*q + 8226. Suppose 1718 + q = 3*p. Is p a prime number?
True
Let j(p) = -266*p + 206. Let o be j(-6). Suppose -31*w + o = -585. Is w composite?
True
Suppose 0 = -4*u + 15*v - 10*v - 20552, 3*v = u + 5138. Let s = u - -8971. Is s composite?
False
Let d be (-21)/(-3) - 1*2. Let l = -891 + 873. Is 3195/l*-1*4/d prime?
False
Let r be 0*(13/(-2))/13. Suppose 5*u + 2*t - 49797 = r, 9 + 11 = -5*t. Is u prime?
False
Let g = 3754 + -945. Suppose 0 = d + 2*q - g, 2*d - 138 = -2*q + 5480. Is d a prime number?
False
Suppose 6*g + 2375 = g - 5*n, -g + 5*n = 499. Is (4/4)/((-1)/g) a composite number?
False
Suppose 8 = 2*n, 0 = s + 11*n - 8*n - 292181. Is s composite?
True
Suppose 21*s = -4*s + 3623021 + 27434204. Is s composite?
False
Let j be (6/(-9))/((-24)/1836). Suppose -j*i + 337001 = -20*i. Is i prime?
False
Suppose 291586 = 5*q - 3*f, 11*f = -3*q + 6*f + 174972. Is q prime?
False
Is (-32)/144 + (-15291830)/(-90) prime?
True
Let w(f) be the first derivative of -f**4/4 + 9*f**3 - f**2/2 - 30*f - 240. Is w(25) composite?
True
Let c = 12091 + 139776. Is c prime?
False
Su